{"id":4581,"date":"2020-07-02T02:24:27","date_gmt":"2020-07-02T02:24:27","guid":{"rendered":"https:\/\/cirugia.facmed.unam.mx\/?page_id=4581"},"modified":"2023-01-17T19:34:36","modified_gmt":"2023-01-17T19:34:36","slug":"dedicatorias-2","status":"publish","type":"page","link":"https:\/\/cirugia.facmed.unam.mx\/index.php\/dedicatorias-2\/","title":{"rendered":"Dedicatorias"},"content":{"rendered":"<p>[et_pb_section fb_built=\u00bb1&#8243; admin_label=\u00bbHero section\u00bb _builder_version=\u00bb3.27.1&#8243; use_background_color_gradient=\u00bbon\u00bb background_color_gradient_start=\u00bbrgba(150,105,97,0.67)\u00bb background_color_gradient_end=\u00bbrgba(2,0,76,0.84)\u00bb background_color_gradient_overlays_image=\u00bbon\u00bb background_image=\u00bbhttps:\/\/cirugia.facmed.unam.mx\/wp-content\/uploads\/2020\/07\/Dedicatorias.png\u00bb background_position=\u00bbtop_center\u00bb custom_margin=\u00bb|||\u00bb custom_padding=\u00bb10%||15%|||\u00bb global_colors_info=\u00bb{}\u00bb][et_pb_row column_structure=\u00bb3_5,2_5&#8243; _builder_version=\u00bb3.25&#8243; custom_margin=\u00bb|||\u00bb global_colors_info=\u00bb{}\u00bb][et_pb_column type=\u00bb3_5&#8243; _builder_version=\u00bb3.25&#8243; custom_padding=\u00bb1px|||\u00bb global_colors_info=\u00bb{}\u00bb custom_padding__hover=\u00bb|||\u00bb][et_pb_cta title=\u00bbDEDICATORIAS\u00bb button_url=\u00bb#\u00bb _builder_version=\u00bb3.27.1&#8243; header_level=\u00bbh1&#8243; header_font=\u00bbLato|900||on|||||\u00bb header_text_align=\u00bbleft\u00bb header_font_size=\u00bb65px\u00bb header_letter_spacing=\u00bb2px\u00bb header_line_height=\u00bb1.2em\u00bb body_font=\u00bbLato||||||||\u00bb body_text_align=\u00bbleft\u00bb body_font_size=\u00bb20px\u00bb body_line_height=\u00bb1.8em\u00bb use_background_color=\u00bboff\u00bb custom_button=\u00bbon\u00bb button_text_size=\u00bb16px\u00bb button_text_color=\u00bb#ffffff\u00bb button_bg_color=\u00bb#fa7f28&#8243; button_border_width=\u00bb6px\u00bb button_border_color=\u00bb#fa7f28&#8243; button_border_radius=\u00bb5px\u00bb button_letter_spacing=\u00bb2px\u00bb button_font=\u00bbLato|900||on|||||\u00bb text_orientation=\u00bbleft\u00bb max_width=\u00bb971px\u00bb module_alignment=\u00bbleft\u00bb animation_style=\u00bbfold\u00bb animation_intensity_fold=\u00bb16%\u00bb header_text_align_tablet=\u00bb\u00bb header_text_align_phone=\u00bbcenter\u00bb header_text_align_last_edited=\u00bbon|desktop\u00bb header_font_size_tablet=\u00bb46px\u00bb header_font_size_phone=\u00bb33px\u00bb header_font_size_last_edited=\u00bbon|phone\u00bb body_text_align_tablet=\u00bb\u00bb body_text_align_phone=\u00bbcenter\u00bb body_text_align_last_edited=\u00bbon|phone\u00bb body_font_size_tablet=\u00bb\u00bb body_font_size_phone=\u00bb16px\u00bb body_font_size_last_edited=\u00bbon|phone\u00bb header_text_shadow_style=\u00bbpreset1&#8243; header_text_shadow_blur_strength=\u00bb0.6em\u00bb header_text_shadow_color=\u00bbrgba(0,0,0,0.6)\u00bb box_shadow_style_button=\u00bbpreset3&#8243; box_shadow_blur_button=\u00bb30px\u00bb box_shadow_spread_button=\u00bb8px\u00bb box_shadow_color_button=\u00bbrgba(250,127,40,0.15)\u00bb button_letter_spacing_hover=\u00bb2px\u00bb global_colors_info=\u00bb{}\u00bb button_text_size__hover_enabled=\u00bboff\u00bb button_one_text_size__hover_enabled=\u00bboff\u00bb button_two_text_size__hover_enabled=\u00bboff\u00bb button_text_color__hover_enabled=\u00bboff\u00bb button_one_text_color__hover_enabled=\u00bboff\u00bb button_two_text_color__hover_enabled=\u00bboff\u00bb button_border_width__hover_enabled=\u00bboff\u00bb button_one_border_width__hover_enabled=\u00bboff\u00bb button_two_border_width__hover_enabled=\u00bboff\u00bb button_border_color__hover_enabled=\u00bboff\u00bb button_one_border_color__hover_enabled=\u00bboff\u00bb button_two_border_color__hover_enabled=\u00bboff\u00bb button_border_radius__hover_enabled=\u00bboff\u00bb button_one_border_radius__hover_enabled=\u00bboff\u00bb button_two_border_radius__hover_enabled=\u00bboff\u00bb button_letter_spacing__hover_enabled=\u00bbon\u00bb button_letter_spacing__hover=\u00bb2px\u00bb button_one_letter_spacing__hover_enabled=\u00bboff\u00bb button_two_letter_spacing__hover_enabled=\u00bboff\u00bb button_bg_color__hover_enabled=\u00bboff\u00bb button_one_bg_color__hover_enabled=\u00bboff\u00bb button_two_bg_color__hover_enabled=\u00bboff\u00bb]<\/p>\n<p><span>El Departamento de Cirug\u00eda comparte un espacio exclusivo de pensamientos y an\u00e9cdotas dedicados a nuestros colaboradores y amigos que han formado parte de nuestra historia.\u00a0<\/span><\/p>\n<p>[\/et_pb_cta][\/et_pb_column][et_pb_column type=\u00bb2_5&#8243; _builder_version=\u00bb3.25&#8243; custom_padding=\u00bb1px|||\u00bb global_colors_info=\u00bb{}\u00bb custom_padding__hover=\u00bb|||\u00bb][\/et_pb_column][\/et_pb_row][\/et_pb_section][et_pb_section fb_built=\u00bb1&#8243; _builder_version=\u00bb3.22&#8243; custom_padding=\u00bb54px|0px|90px|0px||\u00bb global_colors_info=\u00bb{}\u00bb][et_pb_row use_custom_gutter=\u00bbon\u00bb gutter_width=\u00bb1&#8243; _builder_version=\u00bb3.27.1&#8243; background_color=\u00bb#ffffff\u00bb background_size=\u00bbinitial\u00bb background_position=\u00bbtop_left\u00bb background_repeat=\u00bbrepeat\u00bb max_width=\u00bb1440px\u00bb custom_margin=\u00bb-10%|||\u00bb custom_padding=\u00bb60px|0px|60px|0px\u00bb animation_style=\u00bbslide\u00bb animation_direction=\u00bbbottom\u00bb animation_intensity_slide=\u00bb6%\u00bb animation_starting_opacity=\u00bb100%\u00bb border_radii=\u00bbon|15px|15px|15px|15px\u00bb border_color_all=\u00bb#3c39e6&#8243; border_width_top=\u00bb18px\u00bb border_color_top=\u00bb#961515&#8243; border_color_bottom=\u00bb#961515&#8243; box_shadow_style=\u00bbpreset3&#8243; box_shadow_vertical=\u00bb39px\u00bb box_shadow_blur=\u00bb80px\u00bb box_shadow_color=\u00bbrgba(0,0,0,0.1)\u00bb use_custom_width=\u00bbon\u00bb custom_width_px=\u00bb1440px\u00bb global_colors_info=\u00bb{}\u00bb column_structure=\u00bb1_3,1_3,1_3&#8243;][et_pb_column type=\u00bb1_3&#8243; _builder_version=\u00bb3.25&#8243; custom_padding=\u00bb|40px||40px\u00bb global_colors_info=\u00bb{}\u00bb custom_padding__hover=\u00bb|||\u00bb][et_pb_blurb title=\u00bbDR. enrique WINTERGERST TOLEDO\u00bb image=\u00bbhttps:\/\/cirugia.facmed.unam.mx\/wp-content\/uploads\/2023\/01\/Foto-Doctor-Wintergerst.jpg\u00bb image_icon_width=\u00bb65%\u00bb image_icon_width_last_edited=\u00bbon|desktop\u00bb _builder_version=\u00bb4.14.7&#8243; header_font=\u00bbLato|900||on|||||\u00bb header_text_color=\u00bb#000000&#8243; header_font_size=\u00bb13px\u00bb header_letter_spacing=\u00bb1px\u00bb header_line_height=\u00bb1.4em\u00bb body_font=\u00bbLato||||||||\u00bb body_text_align=\u00bbcenter\u00bb body_text_color=\u00bb#898f99&#8243; body_line_height=\u00bb1.3em\u00bb text_orientation=\u00bbcenter\u00bb custom_margin=\u00bb|||\u00bb custom_padding=\u00bb|||\u00bb animation=\u00bboff\u00bb hover_enabled=\u00bb0&#8243; image_max_width=\u00bb65%\u00bb image_max_width_tablet=\u00bb\u00bb image_max_width_phone=\u00bb\u00bb image_max_width_last_edited=\u00bbon|desktop\u00bb global_colors_info=\u00bb{}\u00bb title_text=\u00bbFoto Doctor Wintergerst\u00bb sticky_enabled=\u00bb0&#8243; image_icon_width_tablet=\u00bb65%\u00bb image_icon_width_phone=\u00bb65%\u00bb]<\/p>\n<p style=\"text-align: justify;\"><span style=\"color: #333333;\"><\/span><\/p>\n<p style=\"text-align: justify;\"><span style=\"color: #333333;\">Quien particip\u00f3 como integrante del Departamento de Cirug\u00eda al que en forma permanente mostr\u00f3 a todos su amistad y gran cari\u00f1o, le concedemos este peque\u00f1o espacio.<\/span><\/p>\n<p style=\"text-align: justify;\"><span style=\"color: #333333;\"><\/span><\/p>\n<p style=\"text-align: center;\"><strong><span style=\"color: #333333;\">\u00a1Muchas gracias por todo!<\/span><\/strong><\/p>\n<p>[\/et_pb_blurb][et_pb_button button_url=\u00bbhttps:\/\/cirugia.facmed.unam.mx\/wp-content\/uploads\/2023\/01\/In-Memoriam-Enrique-Wintergerst-Toledo.pdf\u00bb url_new_window=\u00bbon\u00bb button_text=\u00bbVER PENSAMIENTOS\u00bb button_alignment=\u00bbright\u00bb _builder_version=\u00bb4.14.7&#8243; custom_button=\u00bbon\u00bb button_text_size=\u00bb12px\u00bb button_text_color=\u00bb#e02b20&#8243; button_border_width=\u00bb2px\u00bb button_border_radius=\u00bb5px\u00bb button_letter_spacing=\u00bb1px\u00bb button_icon=\u00bb&#x35;||divi||400&#8243; custom_margin=\u00bb30px||||false|false\u00bb hover_enabled=\u00bb0&#8243; global_colors_info=\u00bb{}\u00bb sticky_enabled=\u00bb0&#8243;][\/et_pb_button][\/et_pb_column][et_pb_column type=\u00bb1_3&#8243; _builder_version=\u00bb3.25&#8243; custom_padding=\u00bb|40px||40px\u00bb global_colors_info=\u00bb{}\u00bb custom_padding__hover=\u00bb|||\u00bb][et_pb_blurb title=\u00bbDR. rafael guti\u00e9rrez vega\u00bb image=\u00bbhttps:\/\/cirugia.facmed.unam.mx\/wp-content\/uploads\/2023\/01\/Foto-Dr.-Rafael.jpg\u00bb image_icon_width=\u00bb65%\u00bb image_icon_width_last_edited=\u00bbon|desktop\u00bb _builder_version=\u00bb4.14.7&#8243; header_font=\u00bbLato|900||on|||||\u00bb header_text_color=\u00bb#000000&#8243; header_font_size=\u00bb13px\u00bb header_letter_spacing=\u00bb1px\u00bb header_line_height=\u00bb1.4em\u00bb body_font=\u00bbLato||||||||\u00bb body_text_align=\u00bbcenter\u00bb body_text_color=\u00bb#898f99&#8243; body_line_height=\u00bb1.3em\u00bb text_orientation=\u00bbcenter\u00bb custom_margin=\u00bb|||\u00bb custom_padding=\u00bb|||\u00bb animation=\u00bboff\u00bb hover_enabled=\u00bb0&#8243; image_max_width=\u00bb65%\u00bb image_max_width_tablet=\u00bb\u00bb image_max_width_phone=\u00bb\u00bb image_max_width_last_edited=\u00bbon|desktop\u00bb global_colors_info=\u00bb{}\u00bb title_text=\u00bbFoto Dr. Rafael\u00bb sticky_enabled=\u00bb0&#8243; image_icon_width_tablet=\u00bb65%\u00bb image_icon_width_phone=\u00bb65%\u00bb]<\/p>\n<p style=\"text-align: justify;\"><span style=\"color: #333333;\"><\/span><\/p>\n<p style=\"text-align: justify;\"><span style=\"color: #333333;\">Quien particip\u00f3 como integrante del Departamento de Cirug\u00eda al que en forma permanente mostr\u00f3 a todos su amistad y gran cari\u00f1o, le concedemos este peque\u00f1o espacio.<\/span><\/p>\n<p style=\"text-align: justify;\"><span style=\"color: #333333;\"><\/span><\/p>\n<p style=\"text-align: center;\"><strong><span style=\"color: #333333;\">\u00a1Muchas gracias por todo!<\/span><\/strong><\/p>\n<p>[\/et_pb_blurb][et_pb_button button_url=\u00bbhttps:\/\/cirugia.facmed.unam.mx\/wp-content\/uploads\/2023\/01\/In-Memoriam-Rafael-Gutierrez-Vega.pdf\u00bb url_new_window=\u00bbon\u00bb button_text=\u00bbVER PENSAMIENTOS\u00bb button_alignment=\u00bbright\u00bb _builder_version=\u00bb4.14.7&#8243; custom_button=\u00bbon\u00bb button_text_size=\u00bb12px\u00bb button_text_color=\u00bb#e02b20&#8243; button_border_width=\u00bb2px\u00bb button_border_radius=\u00bb5px\u00bb button_letter_spacing=\u00bb1px\u00bb button_icon=\u00bb&#x35;||divi||400&#8243; custom_margin=\u00bb30px||||false|false\u00bb hover_enabled=\u00bb0&#8243; global_colors_info=\u00bb{}\u00bb sticky_enabled=\u00bb0&#8243;][\/et_pb_button][\/et_pb_column][et_pb_column type=\u00bb1_3&#8243; _builder_version=\u00bb3.25&#8243; custom_padding=\u00bb|40px||40px\u00bb global_colors_info=\u00bb{}\u00bb custom_padding__hover=\u00bb|||\u00bb][et_pb_blurb title=\u00bbDR. jAIME AUGUSTO POLACO CASTILLO\u00bb image=\u00bbhttps:\/\/cirugia.facmed.unam.mx\/wp-content\/uploads\/2020\/07\/Dr-Jaime-Polaco.png\u00bb image_icon_width=\u00bb65%\u00bb image_icon_width_last_edited=\u00bbon|desktop\u00bb _builder_version=\u00bb4.13.0&#8243; header_font=\u00bbLato|900||on|||||\u00bb header_text_color=\u00bb#000000&#8243; header_font_size=\u00bb13px\u00bb header_letter_spacing=\u00bb1px\u00bb header_line_height=\u00bb1.4em\u00bb body_font=\u00bbLato||||||||\u00bb body_text_align=\u00bbcenter\u00bb body_text_color=\u00bb#898f99&#8243; body_line_height=\u00bb1.3em\u00bb text_orientation=\u00bbcenter\u00bb custom_margin=\u00bb|||\u00bb custom_padding=\u00bb|||\u00bb animation=\u00bboff\u00bb image_max_width=\u00bb65%\u00bb image_max_width_tablet=\u00bb\u00bb image_max_width_phone=\u00bb\u00bb image_max_width_last_edited=\u00bbon|desktop\u00bb global_colors_info=\u00bb{}\u00bb image_icon_width_tablet=\u00bb65%\u00bb image_icon_width_phone=\u00bb65%\u00bb]<\/p>\n<p style=\"text-align: justify;\"><span style=\"color: #333333;\"><\/span><\/p>\n<p style=\"text-align: justify;\"><span style=\"color: #333333;\">Quien particip\u00f3 como integrante del Departamento de Cirug\u00eda al que en forma permanente mostr\u00f3 a todos su amistad y gran cari\u00f1o, le concedemos este peque\u00f1o espacio.<\/span><\/p>\n<p style=\"text-align: justify;\"><span style=\"color: #333333;\"><\/span><\/p>\n<p style=\"text-align: center;\"><strong><span style=\"color: #333333;\">\u00a1Muchas gracias por todo!<\/span><\/strong><\/p>\n<p>[\/et_pb_blurb][et_pb_button button_url=\u00bbhttps:\/\/cirugia.facmed.unam.mx\/wp-content\/uploads\/2020\/08\/In-Memoriam-Dr-Jaime-polaco.pdf\u00bb url_new_window=\u00bbon\u00bb button_text=\u00bbVER PENSAMIENTOS\u00bb button_alignment=\u00bbright\u00bb _builder_version=\u00bb4.13.0&#8243; custom_button=\u00bbon\u00bb button_text_size=\u00bb12px\u00bb button_text_color=\u00bb#e02b20&#8243; button_border_width=\u00bb2px\u00bb button_border_radius=\u00bb5px\u00bb button_letter_spacing=\u00bb1px\u00bb button_icon=\u00bb&#x35;||divi||400&#8243; custom_margin=\u00bb30px||||false|false\u00bb global_colors_info=\u00bb{}\u00bb][\/et_pb_button][\/et_pb_column][\/et_pb_row][\/et_pb_section]<\/p>\n","protected":false},"excerpt":{"rendered":"<p>El Departamento de Cirug\u00eda comparte un espacio exclusivo de pensamientos y an\u00e9cdotas dedicados a nuestros colaboradores y amigos que han formado parte de nuestra historia.\u00a0 Quien particip\u00f3 como integrante del Departamento de Cirug\u00eda al que en forma permanente mostr\u00f3 a todos su amistad y gran cari\u00f1o, le concedemos este peque\u00f1o espacio. \u00a1Muchas gracias por todo! [&hellip;]<\/p>\n","protected":false},"author":1,"featured_media":0,"parent":0,"menu_order":0,"comment_status":"closed","ping_status":"closed","template":"","meta":{"_et_pb_use_builder":"on","_et_pb_old_content":"","_et_gb_content_width":"","jetpack_post_was_ever_published":false,"footnotes":""},"jetpack_sharing_enabled":true,"jetpack_shortlink":"https:\/\/wp.me\/PaWCc3-1bT","_links":{"self":[{"href":"https:\/\/cirugia.facmed.unam.mx\/index.php\/wp-json\/wp\/v2\/pages\/4581"}],"collection":[{"href":"https:\/\/cirugia.facmed.unam.mx\/index.php\/wp-json\/wp\/v2\/pages"}],"about":[{"href":"https:\/\/cirugia.facmed.unam.mx\/index.php\/wp-json\/wp\/v2\/types\/page"}],"author":[{"embeddable":true,"href":"https:\/\/cirugia.facmed.unam.mx\/index.php\/wp-json\/wp\/v2\/users\/1"}],"replies":[{"embeddable":true,"href":"https:\/\/cirugia.facmed.unam.mx\/index.php\/wp-json\/wp\/v2\/comments?post=4581"}],"version-history":[{"count":8,"href":"https:\/\/cirugia.facmed.unam.mx\/index.php\/wp-json\/wp\/v2\/pages\/4581\/revisions"}],"predecessor-version":[{"id":5721,"href":"https:\/\/cirugia.facmed.unam.mx\/index.php\/wp-json\/wp\/v2\/pages\/4581\/revisions\/5721"}],"wp:attachment":[{"href":"https:\/\/cirugia.facmed.unam.mx\/index.php\/wp-json\/wp\/v2\/media?parent=4581"}],"curies":[{"name":"wp","href":"https:\/\/api.w.org\/{rel}","templated":true}]}}